642738?
4
What is the ten thousands digit of 3511486?
1
What is the tens digit of 33416213?
1
What is the hundred thousands digit of 358406?
3
What is the thousands digit of 890485?
0
What is the thousands digit of 266209?
6
What is the hundreds digit of 9849557?
5
What is the thousands digit of 12036?
2
What is the tens digit of 27947?
4
What is the units digit of 1496346?
6
What is the millions digit of 9108128?
9
What is the thousands digit of 60909?
0
What is the ten thousands digit of 506377?
0
What is the thousands digit of 937278?
7
What is the units digit of 982687?
7
What is the tens digit of 8272981?
8
What is the thousands digit of 147262?
7
What is the ten thousands digit of 1190670?
9
What is the units digit of 27253626?
6
What is the hundreds digit of 46557?
5
What is the tens digit of 624351?
5
What is the ten thousands digit of 16412556?
1
What is the thousands digit of 19344770?
4
What is the units digit of 9190040?
0
What is the hundred thousands digit of 286757?
2
What is the millions digit of 9694470?
9
What is the hundred thousands digit of 10757190?
7
What is the ten thousands digit of 1675123?
7
What is the hundreds digit of 253718?
7
What is the hundreds digit of 933537?
5
What is the hundreds digit of 1962680?
6
What is the tens digit of 194915?
1
What is the units digit of 516426?
6
What is the millions digit of 1494544?
1
What is the units digit of 3244300?
0
What is the hundreds digit of 424934?
9
What is the units digit of 1494307?
7
What is the hundred thousands digit of 743227?
7
What is the millions digit of 4091161?
4
What is the thousands digit of 896133?
6
What is the millions digit of 17881514?
7
What is the hundred thousands digit of 1791480?
7
What is the tens digit of 87908?
0
What is the tens digit of 141533?
3
What is the thousands digit of 722737?
2
What is the thousands digit of 3629796?
9
What is the units digit of 957325?
5
What is the hundred thousands digit of 1905287?
9
What is the hundreds digit of 1180142?
1
What is the ten millions digit of 10117118?
1
What is the thousands digit of 1496984?
6
What is the tens digit of 10536724?
2
What is the tens digit of 164377?
7
What is the hundreds digit of 689578?
5
What is the units digit of 962874?
4
What is the units digit of 1952547?
7
What is the millions digit of 4181289?
4
What is the hundred thousands digit of 835659?
8
What is the ten millions digit of 14030787?
1
What is the ten thousands digit of 25843?
2
What is the tens digit of 145636?
3
What is the units digit of 1147184?
4
What is the tens digit of 811351?
5
What is the ten thousands digit of 10529285?
2
What is the units digit of 22217471?
1
What is the tens digit of 5108?
0
What is the units digit of 2273421?
1
What is the ten millions digit of 25927076?
2
What is the units digit of 50229?
9
What is the thousands digit of 2084892?
4
What is the tens digit of 363896?
9
What is the hundred thousands digit of 333346?
3
What is the tens digit of 103929?
2
What is the thousands digit of 1553602?
3
What is the thousands digit of 3629347?
9
What is the thousands digit of 903802?
3
What is the thousands digit of 314440?
4
What is the units digit of 129854?
4
What is the hundreds digit of 159895?
8
What is the thousands digit of 228713?
8
What is the hundreds digit of 186140?
1
What is the units digit of 396468?
8
What is the hundred thousands digit of 120836?
1
What is the thousands digit of 483198?
3
What is the ten thousands digit of 2227456?
2
What is the hundred thousands digit of 489007?
4
What is the thousands digit of 16273658?
3
What is the units digit of 835626?
6
What is the thousands digit of 436696?
6
What is the thousands digit of 5895?
5
What is the tens digit of 27481837?
3
What is the ten thousands digit of 1301036?
0
What is the units digit of 75241?
1
What is the ten thousands digit of 11749341?
4
What is the hundred thousands digit of 1546011?
5
What is the hundreds digit of 158507?
5
What is the units digit of 16281090?
0
What is the units digit of 384813?
3
What is the hundred thousands digit of 890706?
8
What is the thousands digit of 260550?
0
What is the ten thousands digit of 210329?
1
What is the hundred thousands digit of 1510433?
5
What is the thousands digit of 273305?
3
What is the hundreds digit of 12978861?
8
What is the tens digit of 1071611?
1
What is the millions digit of 11230893?
1
What is the hundreds digit of 17251248?
2
What is the tens digit of 40301514?
1
What is the units digit of 6081082?
2
What is the hundreds digit of 883284?
2
What is the thousands digit of 108338?
8
What is the tens digit of 7034779?
7
What is the thousands digit of 297567?
7
What is the units digit of 9683945?
5
What is the hundreds digit of 233831?
8
What is the units digit of 1120724?
4
What is the thousands digit of 3079910?
9
What is the ten millions digit of 16794435?
1
What is the thousands digit of 2910717?
0
What is the thousands digit of 525551?
5
What is the thousands digit of 336217?
6
What is the thousands digit of 208806?
8
What is the ten thousands digit of 45335669?
3
What is the units digit of 281515?
5
What is the units digit of 4301213?
3
What is the ten thousands digit of 23267316?
6
What is the millions digit of 12433691?
2
What is the ten thousands digit of 176914?
7
What is the hundred thousands digit of 392454?
3
What is the ten millions digit of 10648798?
1
What is the tens digit of 1008340?
4
What is the tens digit of 975858?
5
What is the tens digit of 2885819?
1
What is the ten thousands digit of 15912687?
1
What is the ten thousands digit of 115099?
1
What is the hundreds digit of 1505759?
7
What is the thousands digit of 53197?
3
What is the thousands digit of 711307?
1
What is the ten thousands digit of 1268581?
6
What is the hundred thousands digit of 151980?
1
What is the hundred thousands digit of 2347668?
3
What is the units digit of 8696261?
1
What is the thousands digit of 2131019?
1
What is the units digit of 66914?
4
What is the ten thousands digit of 325965?
2
What is the ten thousands digit of 209681?
0
What is the tens digit of 821655?
5
What is the thousands digit of 430393?
0
What is the hundred thousands digit of 4919798?
9
What is the hundred thousands digit of 1029782?
0
What is the tens digit of 6136020?
2
What is the hundreds digit of 7552912?
9
What is the thousands digit of 695876?
5
What is the thousands digit of 8499?
8
What is the ten millions digit of 22328968?
2
What is the units digit of 1617513?
3
What is the millions digit of 30040133?
0
What is the hundred thousands digit of 1279862?
2
What is the units digit of 8369391?
1
What is the hundreds digit of 1568987?
9
What is the units digit of 2676914?
4
What is the thousands digit of 97708?
7
What is the millions digit of 15126498?
5
What is the hundreds digit of 423561?
5
What is the ten thousands digit of 154725?
5
What is the ten thousands digit of 776784?
7
What is the tens digit of 666265?
6
What is the units digit of 304234?
4
What is the units digit of 440625?
5
What is the tens digit of 11160993?
9
What is the ten thousands digit of 429452?
2
What is the tens digit of 260242?
4
What is the ten thousands digit of 11717807?
1
What is the hundreds digit of 7662710?
7
What is the hundred thousands digit of 458669?
4
What is the tens digit of 10036?
3
What is the thousands digit of 75605?
5
What is the ten thousands digit of 4924051?
2
What is the hundreds digit of 1012973?
9
What is the hundreds digit of 130250?
2
What is the ten thousands digit of 629887?
2
What is the units digit of 615339?
9
What is the hundred thousands digit of 3092485?
0
What is the tens digit of 11852364?
6
What is the millions digit of 5213689?
5
What is the hundreds digit of 68751?
7
What is the ten thousands digit of 2213483?
1
What is the hundreds digit of 356382?
3
What is the tens digit of 995276?
7
What is the tens digit of 5841?
4
What is the ten thousands digit of 189425?
8
What is the hundreds digit of 728401?
4
What is the hundreds digit of 1621721?
7
What is the hundred thousands digit of 18102520?
1
What is the hundreds digit of 301002?
0
What is the ten millions digit of 17690251?
1
What is the thousands digit of 3197450?
7
What is the hundreds digit of 4584041?
0
What is the te